3492?
2
What is the hundreds digit of 63681?
6
What is the hundreds digit of 93489?
4
What is the hundreds digit of 1477?
4
What is the units digit of 4983?
3
What is the thousands digit of 58141?
8
What is the units digit of 141?
1
What is the hundreds digit of 7815?
8
What is the tens digit of 393?
9
What is the tens digit of 1373?
7
What is the tens digit of 6659?
5
What is the hundreds digit of 1246?
2
What is the thousands digit of 1020?
1
What is the thousands digit of 4115?
4
What is the hundreds digit of 17593?
5
What is the units digit of 8510?
0
What is the ten thousands digit of 25606?
2
What is the tens digit of 1354?
5
What is the ten thousands digit of 110564?
1
What is the hundreds digit of 919?
9
What is the units digit of 45150?
0
What is the units digit of 2135?
5
What is the units digit of 44095?
5
What is the hundreds digit of 8350?
3
What is the ten thousands digit of 56119?
5
What is the units digit of 889?
9
What is the thousands digit of 6244?
6
What is the units digit of 1892?
2
What is the units digit of 9919?
9
What is the thousands digit of 2529?
2
What is the thousands digit of 13640?
3
What is the units digit of 58748?
8
What is the thousands digit of 5360?
5
What is the thousands digit of 3737?
3
What is the thousands digit of 30907?
0
What is the hundreds digit of 8465?
4
What is the units digit of 24549?
9
What is the ten thousands digit of 12534?
1
What is the units digit of 67821?
1
What is the hundreds digit of 7885?
8
What is the tens digit of 136437?
3
What is the tens digit of 2729?
2
What is the tens digit of 3492?
9
What is the units digit of 4302?
2
What is the units digit of 4094?
4
What is the units digit of 2126?
6
What is the units digit of 10828?
8
What is the thousands digit of 9130?
9
What is the thousands digit of 21221?
1
What is the ten thousands digit of 22499?
2
What is the tens digit of 8628?
2
What is the units digit of 1083?
3
What is the units digit of 702?
2
What is the units digit of 1654?
4
What is the thousands digit of 15539?
5
What is the hundreds digit of 12348?
3
What is the hundreds digit of 27965?
9
What is the tens digit of 77547?
4
What is the hundreds digit of 205?
2
What is the hundreds digit of 7802?
8
What is the hundreds digit of 3664?
6
What is the ten thousands digit of 12225?
1
What is the ten thousands digit of 51565?
5
What is the units digit of 1400?
0
What is the hundreds digit of 1463?
4
What is the units digit of 43940?
0
What is the thousands digit of 15199?
5
What is the tens digit of 32750?
5
What is the hundreds digit of 960?
9
What is the units digit of 2197?
7
What is the tens digit of 3972?
7
What is the tens digit of 1116?
1
What is the units digit of 40403?
3
What is the tens digit of 3247?
4
What is the hundreds digit of 1313?
3
What is the hundreds digit of 3349?
3
What is the hundreds digit of 14828?
8
What is the tens digit of 3711?
1
What is the hundreds digit of 44902?
9
What is the units digit of 1676?
6
What is the hundreds digit of 305?
3
What is the units digit of 2861?
1
What is the ten thousands digit of 16770?
1
What is the units digit of 2626?
6
What is the ten thousands digit of 25423?
2
What is the units digit of 1929?
9
What is the hundreds digit of 249?
2
What is the tens digit of 462?
6
What is the hundreds digit of 16189?
1
What is the hundreds digit of 3803?
8
What is the units digit of 6144?
4
What is the hundreds digit of 5218?
2
What is the hundreds digit of 7182?
1
What is the tens digit of 69207?
0
What is the tens digit of 10678?
7
What is the units digit of 4490?
0
What is the hundreds digit of 2916?
9
What is the thousands digit of 6558?
6
What is the tens digit of 9970?
7
What is the hundreds digit of 860?
8
What is the units digit of 5515?
5
What is the tens digit of 181?
8
What is the units digit of 1999?
9
What is the tens digit of 74971?
7
What is the thousands digit of 1060?
1
What is the hundred thousands digit of 145177?
1
What is the hundreds digit of 63455?
4
What is the hundreds digit of 963?
9
What is the thousands digit of 2156?
2
What is the tens digit of 1648?
4
What is the thousands digit of 5098?
5
What is the units digit of 2140?
0
What is the ten thousands digit of 33636?
3
What is the thousands digit of 1070?
1
What is the thousands digit of 1595?
1
What is the units digit of 1800?
0
What is the thousands digit of 3141?
3
What is the units digit of 2408?
8
What is the units digit of 10024?
4
What is the tens digit of 745?
4
What is the hundreds digit of 3701?
7
What is the hundreds digit of 14334?
3
What is the hundreds digit of 8576?
5
What is the hundreds digit of 1043?
0
What is the tens digit of 11661?
6
What is the ten thousands digit of 30830?
3
What is the units digit of 99460?
0
What is the tens digit of 747?
4
What is the thousands digit of 8269?
8
What is the thousands digit of 4935?
4
What is the units digit of 5915?
5
What is the hundreds digit of 1941?
9
What is the units digit of 3118?
8
What is the hundreds digit of 86466?
4
What is the thousands digit of 8616?
8
What is the tens digit of 869?
6
What is the tens digit of 2542?
4
What is the ten thousands digit of 10150?
1
What is the hundreds digit of 7673?
6
What is the hundred thousands digit of 111465?
1
What is the tens digit of 11163?
6
What is the units digit of 61967?
7
What is the hundreds digit of 4758?
7
What is the thousands digit of 6316?
6
What is the units digit of 736?
6
What is the thousands digit of 9013?
9
What is the hundreds digit of 1892?
8
What is the thousands digit of 14224?
4
What is the units digit of 17337?
7
What is the hundreds digit of 38463?
4
What is the ten thousands digit of 31872?
3
What is the units digit of 851?
1
What is the units digit of 8185?
5
What is the units digit of 83077?
7
What is the tens digit of 1710?
1
What is the units digit of 1193?
3
What is the hundreds digit of 26730?
7
What is the thousands digit of 2351?
2
What is the hundreds digit of 1519?
5
What is the units digit of 8174?
4
What is the units digit of 2762?
2
What is the units digit of 115488?
8
What is the thousands digit of 6836?
6
What is the tens digit of 6554?
5
What is the units digit of 1399?
9
What is the tens digit of 1334?
3
What is the hundreds digit of 19271?
2
What is the thousands digit of 16975?
6
What is the thousands digit of 3824?
3
What is the thousands digit of 2380?
2
What is the ten thousands digit of 22283?
2
What is the hundreds digit of 1657?
6
What is the hundreds digit of 2445?
4
What is the tens digit of 1835?
3
What is the hundreds digit of 3028?
0
What is the thousands digit of 38261?
8
What is the units digit of 121?
1
What is the hundreds digit of 1670?
6
What is the hundreds digit of 16303?
3
What is the units digit of 1481?
1
What is the tens digit of 60464?
6
What is the hundreds digit of 2391?
3
What is the hundreds digit of 889?
8
What is the hundreds digit of 9609?
6
What is the thousands digit of 3459?
3
What is the tens digit of 2278?
7
What is the tens digit of 14776?
7
What is the thousands digit of 1307?
1
What is the tens digit of 3100?
0
What is the hundreds digit of 547?
5
What is the thousands digit of 3092?
3
What is the ten thousands digit of 36052?
3
What is the tens digit of 75242?
4
What is the hundreds digit of 4053?
0
What is the units digit of 6001?
1
What is the tens digit of 10646?
4
What is the thousands digit of 1655?
1
What is the hundreds digit of 389?
3
What is the tens digit of 6769?
6
What is the units digit of 16308?
8
What is the thousands digit of 136273?
6
What is the units digit of 9536?
6
What is the hundreds digit of 1688?
6
What is the units digit of 498?
8
What is the units digit of 56066?
6
What is the hundreds digit of 2483?
4
What is the thousands digit of 1305?
1
What is the units digit of 6358?
8
What is the thousands digit of 1198?
1
What is the units digit of 1528?
8
What is the hundreds digit of 481?
4
What is the units digit of 23?
3
What is the thousands digit of 5585?
5
What is the thousands digit of 1525?
1
What is the hundreds digit of 1469?
4
What is the thousands digit of 2354?
2
What is the thousands digit of 8120?
8
What is the hundreds digit of 14162?
1
What is the units digit of 8534?
4
What is the tens digit of 4772?
7
What is the h